 21 = 0. Suppose -h = u*o - 0*o. Give c(o).
6
Let j(l) = l - 4. Let s be j(3). Let m = 0 + s. Let p(a) = 3*a + 3. Let h(q) = q + 1. Let g(t) = 2*h(t) - p(t). Determine g(m).
0
Suppose -3*t + 31 = -11. Suppose -4*z + t = -u, 14 = -5*u + u + 2*z. Let r = u - -1. Let k(l) = 4*l**3 + 2*l**2 + l. Give k(r).
-3
Let h(d) = d + 10. Let t(v) be the third derivative of -v**3/6 - 2*v**2. Let u(f) = -h(f) - 6*t(f). Determine u(-4).
0
Let o(y) = y**2 + 5*y - 5 + 10 - 3 - 7. Give o(-6).
1
Let n(p) = -p - 26 + 2*p**2 - p + 23. Let f be 4/(-10) + (-42)/(-5). Suppose -2*k = -5*m - 6, m + 3*k + 0*k = -f. Give n(m).
9
Let y(s) = -2*s**3 + 7*s**2. Let o(m) = -5*m**3 + 20*m**2 + m - 1. Let k(r) = 3*o(r) - 8*y(r). Calculate k(-3).
-3
Let u(z) = -z**3 - 4*z**2 + 5*z - 3. Let t(v) = -v + 5. Let g be t(5). Suppose 5 = -w - g*w. What is u(w)?
-3
Let m(o) = 2*o - 1. Let z(j) = -11*j + 1. Let k be z(-1). Let l be 48/112 - (-36)/14. Suppose b = -l*b + k. Give m(b).
5
Let h(k) = -k - 1. Let n(d) = -8*d - 9. Let v(o) = -6*h(o) + n(o). Let c be v(-3). Let j = c + 0. Let y(s) = s**3 - 4*s**2 + 3*s + 2. Determine y(j).
2
Let d(c) = -60 - 105 - 39*c + 60. Let r(y) be the second derivative of -y**3/2 - 4*y**2 + 2*y. Let f(i) = 2*d(i) - 27*r(i). Determine f(-5).
-9
Let h(y) be the third derivative of y**6/120 - y**5/60 - y**4/24 + 4*y**2. Determine h(2).
2
Suppose 3*x - 34 = 5*n, -5*x = -2*x + 4*n + 11. Suppose -8*d = -x*d + 3*t + 44, -3*d - 30 = 3*t. Let p = -2 - d. Let i(b) = -b**2 + 6*b - 7. Give i(p).
-2
Let v(m) = -m**2 - m. Let r be (-2)/(-3) - 8/12. Let s be (-2)/(-8)*r + 1. Calculate v(s).
-2
Let z be ((-10)/(-4))/(3/(-18)*3). Let r(i) = -2*i**2 - 6*i + 3. Calculate r(z).
-17
Suppose -4*s + 3 = -17. Let q(l) = 4*l**3 + 0*l**3 + 5 + 0*l - s*l**3 - l. Determine q(0).
5
Let y(k) = -k**2 + 7*k - 5. Let t be y(6). Let j(o) = 29*o - 29*o - o**2 + 1 + 4*o**3 + 0*o**3. Determine j(t).
4
Let j(r) = -2*r - 1. Suppose 3*v = -5*d - 12, -d - 4*v = -v + 12. Suppose d = -2*i + 5 - 1. What is j(i)?
-5
Let l(h) be the second derivative of -h**5/60 - h**4/6 + 5*h**3/6 - 3*h**2/2 - 8*h. Let r(t) be the first derivative of l(t). Give r(-5).
0
Let y be 1/(-2 + (-9)/(-4)). Suppose 5*g + 2*f + 9 + 24 = 0, -3*g - 4*f - 31 = 0. Let c = g + y. Let b(d) = 2*d**2 - d. What is b(c)?
3
Let k(a) = 5*a**3 - 40*a**2 - 16*a - 10. Let q(c) = c**3 - 8*c**2 - 3*c - 2. Let u(t) = -2*k(t) + 11*q(t). Determine u(8).
-10
Let x(v) = v**2 + 6*v + 1. Let q(w) = w**2 + w - 5. Let y be q(5). Let i(o) = o + 9. Let n be i(-5). Suppose y = -r - n*r. Calculate x(r).
-4
Let w(b) = 13*b + 11. Let g(z) = -6*z - 5. Let t(p) = 7*g(p) + 3*w(p). Calculate t(-2).
4
Let h(r) be the first derivative of -r**2 + 2*r + 1 + 1/3*r**3. Determine h(3).
5
Let c(i) = i - 1. Let f be (2 - 1)*(-18)/(-3). Let o be f/(-9) - (-14)/3. Determine c(o).
3
Let z = -5 - -10. Let u(y) = -y**3 + 6*y**2 - 5*y. Suppose 3*k = 9 + 3. Let l(v) = -2*v**3 + 12*v**2 - 10*v. Let o(n) = k*l(n) - 9*u(n). Calculate o(z).
0
Let h(j) = j**2 + 4*j - 5. Let s be h(-5). Let a = -2 + s. Let r = a - -1. Let f(c) = -11*c. What is f(r)?
11
Let l(f) be the first derivative of -2*f**2 - 2. Let z(g) = g**2 + 7*g - 7. Let u be z(-8). Calculate l(u).
-4
Let m(q) = 6*q + 16. Let u(v) = -3*v - 7. Let s(j) = 3*m(j) + 7*u(j). Calculate s(-4).
11
Let q(v) = 19*v**3 - 5*v**2 - v - 5. Let x(r) = -19*r**3 + 6*r**2 + r + 6. Let k(p) = -5*q(p) - 4*x(p). What is k(-1)?
20
Suppose -3*f - 96 = f. Let b be 1/5 + f/20. Let i(h) = h + 2*h + 0*h. What is i(b)?
-3
Let w = -5 - -10. Let k(l) = -l**3 - 3*l**2 - l**3 + w*l**2 - l. Suppose 5 = 4*c + c. Give k(c).
-1
Let l(y) = -3*y - 1. Let r(g) = g**3 - 3*g**2 - 4*g - 4. Let v be r(4). Give l(v).
11
Let l(y) = -7*y**2 - 16*y**3 - 65*y + 5*y**2 + 66*y. Let n(v) = v - 5. Let k be n(6). Determine l(k).
-17
Let k(f) = -2*f + 10. Let h(i) = -2*i + 10. Let x(j) = 3*h(j) - 2*k(j). Determine x(8).
-6
Let w(o) be the second derivative of 17*o**3/6 - o**2 - o. Let p(f) = -6*f + 1. Let d(j) = 8*p(j) + 3*w(j). Let v(m) = m + 6. Let x be v(-8). Calculate d(x).
-4
Suppose -6*n + 5*d = -3*n - 14, 3*d = 4*n - 26. Suppose -2 - n = 2*t. Let s(o) = -o**3 - 6*o**2 - 4*o + 1. What is s(t)?
-4
Let u(r) be the third derivative of -r**2 + 0 + 0*r**3 + 0*r**4 + 0*r + 1/60*r**5. Calculate u(3).
9
Let c(k) be the third derivative of k**4/24 + k**3/6 + 6*k**2. What is c(5)?
6
Let n(c) be the second derivative of -c**4/3 - c**2/2 + 2*c. What is n(-1)?
-5
Let c = 0 + 3. Suppose -t = -c*t + 10. Suppose t*u - 2*u = 12. Let l(i) = -i**2 + 3*i + 4. What is l(u)?
0
Let x(r) be the second derivative of 0 + 1/24*r**4 - 1/2*r**3 + 3*r + 0*r**2 - 1/60*r**5. Let s(g) be the second derivative of x(g). Give s(1).
-1
Let c(k) = k. Let x(h) = h**2 + 4*h + 6. Let a(z) = 2*c(z) - x(z). Give a(-4).
-14
Let l(q) = q - 1. Let k be l(3). Let u(w) = -1 - w**2 + 2*w + 6*w**2 - 3*w**2 - 3*w**k. Calculate u(3).
-4
Suppose 4*o = b + 4*b - 31, b - 3 = 0. Let h = 7 + o. Let g(c) = 5 - 4 + c**h - 2 - 2*c**2 - 1. Determine g(2).
-2
Suppose 0 = 8*i - 9*i. Suppose -3*q + 4*l - 11 = 0, 2*q + 11 + i = -l. Let f(p) = -p**2 - 5*p + 7. What is f(q)?
7
Let c be 0 - (2 - 3) - -10. Let o(p) = -2 + 1 + 2*p**2 - c*p**2. Give o(1).
-10
Let o = 7 + -3. Let v(a) = -3*a**2 - 12*a + 3. Let k(y) = 2*y**2 + 6*y - 1. Let h(f) = -5*k(f) - 3*v(f). Give h(o).
4
Let p = -11 + 5. Let x = p - -12. Let q(k) = k**3 - 7*k**2 + 4*k + 7. What is q(x)?
-5
Let k(d) = -7*d**3 - d**2 + 9*d + 4. Let u(c) = -15*c**3 - 3*c**2 + 19*c + 8. Let g(s) = 13*k(s) - 6*u(s). Calculate g(5).
19
Let m(u) = -u + 5 + 1 + u**2 + 3*u + 5*u. Let y be m(-6). Let w(q) = -q + 3. What is w(y)?
3
Let x(r) = 2*r + 5. Suppose -2*w - 2 = 2*p, p - 3*w - 11 = 6*p. Let y be x(p). Let o(s) be the first derivative of -3*s**2/2 + 3*s + 7. Calculate o(y).
12
Let n(t) be the first derivative of -1/3*t**3 - 5/2*t**2 + 2*t + 1. Let k be 1 + (2 + -5 - 2). Give n(k).
6
Let b(q) = -q**2 + 2*q - q**2 - 9*q + q**2 - 4. Give b(-5).
6
Let g = 1 - -3. Let a be 50/18 - 4/(-18). Let s(q) = -a + 6 + 4*q - g. Calculate s(-1).
-5
Let q(a) be the second derivative of -a**5/20 + a**4/2 + 2*a**2 + a. What is q(6)?
4
Let o be (1 - (-2)/(-1)) + 0. Let k be o/(-3) + (-5)/(-3). Suppose 3*s = s - k. Let q(l) = 2*l + 1. Give q(s).
-1
Suppose 6*y - y - 15 = 0. Let l(p) = -1 - y + 5 + p + 2. Suppose -3*j = j - 12, -8 = -5*m + 4*j. What is l(m)?
7
Let n(i) = i**3 + i**2 - 3*i + 2. Let x = -33 - -34. Suppose w + 2*d + 6 = 0, -3*w + d + 2*d = 9. Let j = w + x. Determine n(j).
-7
Let j(b) = -2*b - 17. Let w(a) be the first derivative of 3*a**2/2 + 25*a - 9. Let q(m) = -7*j(m) - 5*w(m). Give q(0).
-6
Suppose -5*n - 24 = 4*m, -5*n + 3*m + 0*m - 17 = 0. Let f(l) = -5*l**2 + 20*l + 13. Let g(o) = o**2 - 5*o - 3. Let i(w) = -2*f(w) - 9*g(w). Determine i(n).
-3
Let i(s) = -s - 4. Let r = -4 - -12. Suppose 2*g + r = -0*g. What is i(g)?
0
Let o(m) = -5*m**2 - 4*m - 2. Let n(d) = -4*d**2 - 3*d - 2. Let q(b) = -7*n(b) + 6*o(b). Calculate q(1).
-3
Let p = -1 - -6. Let x(j) = -p*j**2 + 0*j - 5 + 0*j + 6*j**2 + 4*j. Give x(-6).
7
Let p be -1*(-1 - -2 - 5). Let u be 0 - 1 - (p - 7). Let q be u - ((1 - 3) + 4). Let n(i) = i**3 - i**2 - 11. Calculate n(q).
-11
Let q(d) = d**2 + 3*d + 3. Let f be 27/(-12) - 3/(-12). Give q(f).
1
Let j(p) = 2*p - p - 2*p. Let w be j(-7). Suppose 3*r - w = n + 3, 0 = 4*r + 5*n - 45. Let l(z) = -z**3 + 5*z**2 + 2*z - 2. What is l(r)?
8
Suppose 2*z = -3*z. Let f(m) = -4 + 3*m - 8 - 2*m. Calculate f(z).
-12
Let a(r) be the second derivative of 1/6*r**3 + 0*r**2 - 2*r + 0. Suppose h - 8 = -3*h. Determine a(h).
2
Let w(a) = a**3 - 4*a**2 - 2*a + 6. Let v be w(4). Let k(u) = -u**2 - 3*u + 2. Give k(v).
4
Let n(b) = b**3 - b**2 - 2*b. Let x be n(2). Let q be 8/(-10)*(x + -5). Let s(h) = -31*h**2 + 1 + 4*h - h**3 + 34*h**2 - 6. What is s(q)?
-5
Let z(h) = 2*h + 2 - h - 5*h. Let i(p) = -3*p + 1. Let s(q) = 3*i(q) - 2*z(q). Let g(x) = -x**2 - 3*x. Let m(l) = -g(l) + 2*s(l). Calculate m(-3).
4
Suppose -d = 3*d - n - 20, -2*d - 2*n = 0. Let l(b) = 2*b**2 - 7*b + 5. Determine l(d).
9
Let i(l) be the third derivative of -l**6/120 - l**5/60 + l**4/24 + l**3/6 + 10*l**2. Let r be 3 + 2/(1 - -1). Suppose -2*z = -6*z - r. What is i(z)?
0
Let j(w) = 4 - 3*w + w**2 - 2*w - w. Suppose 5*n = 4*n + 7. Suppo